
Calculate the highest common factor of 15408 and 37969164.
3852
What is the highest common divisor of 12 and 396295434?
6
Calculate the greatest common factor of 5134409 and 206787.
1603
Calculate the highest common factor of 15728 and 157360.
16
What is the greatest common divisor of 464503 and 923?
13
What is the highest common divisor of 5054632 and 616?
88
What is the greatest common factor of 786163 and 455791?
3059
What is the greatest common divisor of 1055945 and 440?
55
What is the highest common divisor of 83441294 and 464?
58
What is the greatest common factor of 391375 and 4115250?
3875
Calculate the highest common divisor of 20844 and 18675.
9
What is the greatest common factor of 76633 and 1522219?
197
What is the highest common factor of 36316 and 322?
14
What is the greatest common factor of 178388 and 14237?
23
What is the greatest common divisor of 1358 and 123542983?
97
Calculate the highest common divisor of 7585 and 34045457.
41
What is the highest common factor of 183 and 44699763?
183
What is the greatest common factor of 1431 and 3307041?
1431
Calculate the highest common divisor of 1698251 and 1873373.
1081
What is the highest common divisor of 3833032 and 896?
56
Calculate the highest common divisor of 1958 and 1264516.
22
Calculate the highest common divisor of 12689991 and 45.
9
Calculate the greatest common divisor of 110882 and 1242.
2
What is the greatest common divisor of 17408 and 1318112?
544
Calculate the greatest common divisor of 37516052 and 140.
28
What is the highest common divisor of 6525 and 1064619?
261
Calculate the greatest common divisor of 176 and 189747360.
176
What is the highest common factor of 34155 and 7395?
15
Calculate the greatest common divisor of 77572472 and 32.
8
What is the highest common factor of 425206 and 1155814?
982
What is the highest common factor of 9112665 and 291?
291
Calculate the highest common factor of 25246896 and 64108.
5828
What is the highest common divisor of 117 and 66967147?
13
Calculate the greatest common divisor of 42756 and 29476699.
3563
What is the greatest common divisor of 1329507 and 19557?
369
What is the greatest common divisor of 2887625 and 2015?
65
What is the highest common divisor of 20757528 and 1419?
33
Calculate the greatest common factor of 3200 and 1477248.
128
What is the greatest common factor of 7645 and 22584859?
1529
What is the greatest common divisor of 168 and 33963072?
24
What is the highest common factor of 94536 and 444132?
468
Calculate the greatest common divisor of 8531994 and 101238.
2154
What is the highest common factor of 2313774 and 260142?
1146
What is the greatest common divisor of 15912 and 8139976?
104
What is the greatest common factor of 5160 and 44178630?
1290
What is the greatest common divisor of 80850 and 52721550?
7350
What is the highest common factor of 45 and 62146600?
5
Calculate the greatest common divisor of 9600 and 73845120.
1920
Calculate the greatest common factor of 338337 and 3483.
81
What is the highest common factor of 8895 and 2205?
15
What is the highest common divisor of 149379 and 1773321?
1479
Calculate the greatest common factor of 987 and 14208711.
141
Calculate the greatest common divisor of 1093392 and 756.
108
What is the greatest common divisor of 758397 and 65262?
219
What is the greatest common factor of 3154168 and 2504?
8
What is the greatest common divisor of 10932 and 443627848?
3644
Calculate the greatest common factor of 11304 and 127584.
72
Calculate the highest common factor of 1195792 and 9152.
208
What is the highest common divisor of 4469 and 51514163?
4469
Calculate the highest common divisor of 146788200 and 75.
75
What is the greatest common factor of 29348 and 687300?
116
What is the greatest common factor of 9680 and 265680?
80
What is the greatest common divisor of 4224 and 3804504?
264
Calculate the highest common divisor of 8 and 7089928.
8
What is the highest common divisor of 32 and 10977184?
32
Calculate the highest common factor of 513814368 and 112536.
12504
Calculate the greatest common divisor of 116060 and 7070.
70
Calculate the greatest common factor of 1416564 and 2834.
218
Calculate the highest common divisor of 6468 and 5061.
21
What is the highest common factor of 65312 and 222940?
628
Calculate the highest common divisor of 3107855 and 3961.
17
What is the highest common factor of 17318835 and 4080?
255
What is the greatest common divisor of 249691376 and 8976?
2992
Calculate the highest common factor of 4708 and 74440542.
2354
Calculate the highest common factor of 110042235 and 4140.
1035
What is the highest common divisor of 18879 and 32533911?
2697
Calculate the highest common factor of 8262576 and 108.
36
Calculate the greatest common divisor of 8414 and 712786.
1202
What is the highest common divisor of 34504684 and 684?
76
What is the greatest common divisor of 102341 and 2117?
29
What is the highest common divisor of 7652345 and 21431?
739
Calculate the greatest common divisor of 26786 and 15222.
118
What is the highest common factor of 89720048 and 4356?
484
Calculate the highest common divisor of 1955613 and 2202651.
627
Calculate the highest common divisor of 392 and 5148332.
196
What is the highest common factor of 403234 and 2704?
338
What is the greatest common divisor of 565784 and 1832?
8
Calculate the highest common factor of 30384 and 90780.
12
What is the greatest common divisor of 53 and 777991664?
53
Calculate the highest common divisor of 22578 and 20612442.
318
Calculate the greatest common divisor of 16535632 and 10076.
916
What is the greatest common divisor of 2253787 and 8631?
137
Calculate the greatest common divisor of 100912 and 1349936.
1904
Calculate the highest common factor of 42606058 and 616.
22
What is the highest common factor of 7435589 and 21?
7
Calculate the greatest common divisor of 273 and 18843591.
39
Calculate the greatest common divisor of 10068680 and 38656.
1208
Calculate the highest common factor of 263936237 and 3604.
901
Calculate the greatest common factor of 653674 and 154.
14
Calculate the greatest common factor of 197274496 and 226.
226
Calculate the greatest common divisor of 2493 and 35099501.
277
Calculate the highest common divisor of 1407888 and 2160.
432
What is the highest common factor of 982167316 and 884?
884
What is the greatest common divisor of 1 and 1088928?
1
What is the highest common divisor of 41 and 96787?
1
Calculate the greatest common divisor of 25 and 4105100.
25
What is the greatest common factor of 786377504 and 11486?
11486
Calculate the greatest common divisor of 50172 and 2315904.
444
What is the greatest common divisor of 12921 and 20299953?
177
What is the highest common divisor of 16368 and 41888?
176
Calculate the highest common divisor of 1450 and 2358225.
25
Calculate the highest common factor of 30258628 and 4.
4
Calculate the highest common factor of 3550 and 958950.
50
What is the greatest common factor of 528080 and 28840?
280
Calculate the greatest common factor of 1926 and 116687994.
642
Calculate the greatest common factor of 6370 and 808570.
70
Calculate the highest common factor of 12194819 and 18473.
2639
Calculate the greatest common factor of 1350 and 345048390.
270
Calculate the highest common divisor of 590392619 and 566.
283
Calculate the greatest common divisor of 50 and 103863550.
50
Calculate the highest common divisor of 347240725 and 5.
5
What is the greatest common factor of 783 and 1847793?
87
What is the highest common divisor of 748577994 and 24?
6
Calculate the highest common factor of 29748384 and 7728.
1104
Calculate the highest common factor of 952150 and 62828.
278
What is the greatest common factor of 241794 and 1368?
342
What is the greatest common factor of 981226 and 738875?
5911
Calculate the greatest common divisor of 941290 and 3332.
1666
Calculate the greatest common divisor of 52 and 288772.
4
Calculate the greatest common factor of 91698 and 69006.
186
Calculate the greatest common factor of 36 and 438485904.
36
What is the highest common divisor of 340 and 134592196?
68
What is the highest common factor of 11000 and 14189300?
100
What is the highest common divisor of 167143000 and 2000?
1000
Calculate the highest common